of 44909?
9
What is the tens digit of 2601?
0
What is the units digit of 2278?
8
What is the thousands digit of 19458?
9
What is the units digit of 5259?
9
What is the tens digit of 525?
2
What is the hundreds digit of 1067?
0
What is the thousands digit of 1353?
1
What is the units digit of 7?
7
What is the hundreds digit of 4019?
0
What is the thousands digit of 17182?
7
What is the hundreds digit of 6849?
8
What is the tens digit of 85783?
8
What is the ten thousands digit of 61205?
6
What is the hundreds digit of 63034?
0
What is the thousands digit of 8257?
8
What is the units digit of 532?
2
What is the hundreds digit of 5595?
5
What is the thousands digit of 1588?
1
What is the tens digit of 1458?
5
What is the tens digit of 1255?
5
What is the units digit of 1193?
3
What is the units digit of 11964?
4
What is the units digit of 55710?
0
What is the hundreds digit of 4125?
1
What is the units digit of 3795?
5
What is the units digit of 1596?
6
What is the hundreds digit of 995?
9
What is the units digit of 102?
2
What is the thousands digit of 7664?
7
What is the thousands digit of 20767?
0
What is the hundreds digit of 684?
6
What is the thousands digit of 1903?
1
What is the tens digit of 6335?
3
What is the units digit of 293?
3
What is the thousands digit of 80906?
0
What is the tens digit of 6817?
1
What is the ten thousands digit of 20872?
2
What is the hundreds digit of 8254?
2
What is the hundreds digit of 26084?
0
What is the ten thousands digit of 53410?
5
What is the units digit of 128?
8
What is the hundreds digit of 2746?
7
What is the hundreds digit of 1315?
3
What is the units digit of 18451?
1
What is the tens digit of 9380?
8
What is the hundreds digit of 1366?
3
What is the tens digit of 2020?
2
What is the units digit of 1756?
6
What is the units digit of 1007?
7
What is the thousands digit of 1093?
1
What is the thousands digit of 3953?
3
What is the tens digit of 4270?
7
What is the hundreds digit of 1056?
0
What is the units digit of 771?
1
What is the hundreds digit of 3841?
8
What is the units digit of 40474?
4
What is the hundreds digit of 11599?
5
What is the units digit of 58411?
1
What is the units digit of 606?
6
What is the thousands digit of 8066?
8
What is the hundreds digit of 1795?
7
What is the hundreds digit of 44932?
9
What is the tens digit of 1283?
8
What is the units digit of 1811?
1
What is the hundreds digit of 6754?
7
What is the units digit of 2488?
8
What is the hundreds digit of 14826?
8
What is the units digit of 4395?
5
What is the hundreds digit of 1671?
6
What is the tens digit of 140380?
8
What is the units digit of 805?
5
What is the hundreds digit of 3677?
6
What is the tens digit of 39531?
3
What is the hundreds digit of 61976?
9
What is the thousands digit of 9446?
9
What is the thousands digit of 2314?
2
What is the hundreds digit of 147277?
2
What is the hundreds digit of 735?
7
What is the hundreds digit of 21881?
8
What is the thousands digit of 4881?
4
What is the hundreds digit of 658?
6
What is the thousands digit of 4992?
4
What is the ten thousands digit of 24084?
2
What is the hundreds digit of 17085?
0
What is the units digit of 138?
8
What is the units digit of 7100?
0
What is the units digit of 521?
1
What is the units digit of 1489?
9
What is the hundreds digit of 1363?
3
What is the tens digit of 29137?
3
What is the ten thousands digit of 46606?
4
What is the tens digit of 108842?
4
What is the units digit of 6540?
0
What is the ten thousands digit of 15528?
1
What is the hundreds digit of 1248?
2
What is the thousands digit of 8737?
8
What is the tens digit of 97012?
1
What is the ten thousands digit of 36871?
3
What is the units digit of 26464?
4
What is the units digit of 1748?
8
What is the hundreds digit of 28718?
7
What is the hundreds digit of 13431?
4
What is the units digit of 1514?
4
What is the units digit of 14958?
8
What is the units digit of 3465?
5
What is the hundreds digit of 46753?
7
What is the hundreds digit of 33885?
8
What is the hundreds digit of 1234?
2
What is the tens digit of 1723?
2
What is the units digit of 1174?
4
What is the tens digit of 40?
4
What is the tens digit of 54930?
3
What is the hundreds digit of 5998?
9
What is the units digit of 8375?
5
What is the units digit of 24?
4
What is the hundreds digit of 1073?
0
What is the units digit of 13667?
7
What is the thousands digit of 2515?
2
What is the hundreds digit of 8766?
7
What is the units digit of 226?
6
What is the tens digit of 7762?
6
What is the hundreds digit of 400?
4
What is the units digit of 1547?
7
What is the tens digit of 421?
2
What is the ten thousands digit of 41733?
4
What is the tens digit of 462?
6
What is the units digit of 91359?
9
What is the units digit of 758?
8
What is the tens digit of 39189?
8
What is the tens digit of 1171?
7
What is the tens digit of 487?
8
What is the tens digit of 9470?
7
What is the units digit of 1683?
3
What is the units digit of 7328?
8
What is the tens digit of 13993?
9
What is the units digit of 1633?
3
What is the hundred thousands digit of 128855?
1
What is the tens digit of 7284?
8
What is the units digit of 185378?
8
What is the tens digit of 1616?
1
What is the units digit of 166?
6
What is the tens digit of 8597?
9
What is the thousands digit of 1276?
1
What is the units digit of 281?
1
What is the hundreds digit of 2397?
3
What is the hundreds digit of 624?
6
What is the tens digit of 16?
1
What is the tens digit of 62582?
8
What is the tens digit of 1818?
1
What is the hundreds digit of 1138?
1
What is the hundreds digit of 7049?
0
What is the hundred thousands digit of 116691?
1
What is the units digit of 2784?
4
What is the ten thousands digit of 13468?
1
What is the tens digit of 410?
1
What is the thousands digit of 71207?
1
What is the units digit of 1045?
5
What is the ten thousands digit of 16238?
1
What is the tens digit of 623?
2
What is the tens digit of 44?
4
What is the units digit of 2601?
1
What is the hundreds digit of 96407?
4
What is the thousands digit of 113954?
3
What is the thousands digit of 1449?
1
What is the tens digit of 589?
8
What is the units digit of 10236?
6
What is the tens digit of 266?
6
What is the units digit of 896?
6
What is the hundreds digit of 58019?
0
What is the units digit of 4334?
4
What is the hundreds digit of 152?
1
What is the thousands digit of 3888?
3
What is the hundreds digit of 2836?
8
What is the tens digit of 5156?
5
What is the hundreds digit of 1287?
2
What is the tens digit of 1035?
3
What is the units digit of 54?
4
What is the hundreds digit of 24415?
4
What is the tens digit of 718?
1
What is the units digit of 645?
5
What is the thousands digit of 28092?
8
What is the thousands digit of 58620?
8
What is the units digit of 6795?
5
What is the thousands digit of 31435?
1
What is the tens digit of 10090?
9
What is the hundreds digit of 583?
5
What is the tens digit of 391?
9
What is the units digit of 8330?
0
What is the thousands digit of 1054?
1
What is the thousands digit of 5746?
5
What is the hundreds digit of 621?
6
What is the units digit of 75538?
8
What is the hundreds digit of 7346?
3
What is the tens digit of 313?
1
What is the hundreds digit of 555?
5
What is the hundreds digit of 35601?
6
What is the tens digit of 1115?
1
What is the tens digit of 1352?
5
What is the thousands digit of 2379?
2
What is the ten thousands digit of 77079?
7
What is the units digit of 173?
3
What is the units digit of 1214?
4
What is the tens digit of 6518?
1
What is the hundreds digit of 1717?
7
What is the units digit of 2104?
4
What is the units digit of 811?
1
What is the tens digit of 2656?
5
What is the units digit of 19192?
2
What is the hundreds digit of 825?
8
What is the tens digit of 70?
7
What is the units digit of 2763?
3
What is the units digit of 8043?
3
What is the units digit of 2426?
6
What is the hundreds digit of 13739?
7
What is the units digit of 1123?
3
What is the tens digit of 2190?
9
What is the units digit of 5489?
9
What is the hundreds digit of 4635?
6
What is the hundreds digit of 2407?
4
What is the tens digit of 2008?
0
What is the thousands digit of 5353?
5
What is the thousands digit of 3457?
3
What is the hundreds digit of 795